/(-1). What is the greatest common factor of y and 4?
4
Let u(w) = 6*w - 31. Let j(p) = -3*p + 16. Let f(h) = 11*j(h) + 6*u(h). Let r be f(6). What is the greatest common divisor of r and 72?
8
Let v(s) = 5*s**2 + 2*s. Let x be (3/(-6))/((-2)/(-8)). Let u be v(x). Calculate the highest common divisor of u and 80.
16
Let u = 0 + 3. Suppose 19*j - 80 - 34 = 0. What is the highest common divisor of j and u?
3
Let d(m) = -m**3 - 5*m**2 + 6*m + 7. Let h be d(-6). Suppose v - 8*v + h = 0. Let o(s) = s + 7. Let b be o(0). Calculate the greatest common divisor of b and v.
1
Suppose 3*y = -3*k + 39, -3*y = -5*k + 2*y + 35. Let l(j) = j**3 - j**2 - j - 5. Let x be l(5). Calculate the highest common factor of x and k.
10
Let g = -8 + 11. Let c be 32 + (1 - g) - 0. Calculate the greatest common factor of c and 6.
6
Let u(b) = b**3 - 1. Let g be u(2). Let l(o) = -o**3 + 8*o**2 - 7*o + 5. Let c be l(g). Calculate the greatest common divisor of c and 2.
1
Suppose 9*d = 5*d + 40. Calculate the greatest common factor of 4 and d.
2
Suppose 0 = -5*q - v + 207, -14 + 51 = q - 2*v. Suppose -5*b - 29 = s + 8, 0 = -5*b - 3*s - q. Let z = b + 10. What is the greatest common divisor of 1 and z?
1
Suppose 4*a = -0*a + 16. Let u be -52*((-55)/4)/5. Suppose -l + 31 = m, -5*l + u = m - 0*m. Calculate the greatest common factor of l and a.
4
Let b be 6/(-36) + (-505)/(-6). What is the greatest common divisor of b and 24?
12
Suppose -c = 29 - 8. Let a = c + 57. Calculate the greatest common factor of 24 and a.
12
Let w(n) = 14*n**2 + 7*n + 8. Let s be w(-1). Calculate the highest common factor of s and 135.
15
Suppose y + 7*d - 2*d = 4, -5*d + 10 = 0. Let i = y - -20. Suppose -5*s + 136 + i = 0. What is the greatest common factor of s and 10?
10
Let f(i) = i**2 - 2*i - 1. Suppose t + 4*t + 15 = 0. Let g be f(t). Let n(l) = 11*l**2 - 2. Let c be n(-2). Calculate the highest common factor of c and g.
14
Suppose -2*z - 2*o + 174 = 0, -z = 2*o - 27 - 57. Let u be (3 - 8)/((-1)/2)*1. What is the greatest common factor of u and z?
10
Suppose 3*f + 0*d - 6 = 2*d, 4*d + 4 = 4*f. Suppose k - 4*k - t + 22 = 0, -f = -k - t. Calculate the highest common factor of 9 and k.
9
Let a be (-16)/24 + (-64)/(-6). Suppose 3*w = -19 + 94. Calculate the greatest common divisor of a and w.
5
Let w = -107 - -153. What is the highest common factor of w and 69?
23
Let g(h) = -h**2 + 4*h + 20. Let q be g(0). Let b be 10/((-1)/(-1 - 0)). Calculate the greatest common factor of q and b.
10
Let i be 6/14 + -1 + (-335)/(-35). What is the highest common factor of i and 63?
9
Suppose -4*o - 132 = -0*q - 3*q, -5*o - 15 = 0. Calculate the highest common factor of 440 and q.
40
Let g be 12*(2/4)/((-7)/(-77)). What is the highest common divisor of 6 and g?
6
Suppose -4*k + 4 = -0*k + 2*w, -5*w + 10 = -3*k. Suppose -a + k = -49. Calculate the greatest common divisor of 7 and a.
7
Let r = 40 - 25. What is the greatest common divisor of 30 and r?
15
Let c = 4 + 0. Suppose -c - 20 = -2*q. Calculate the greatest common divisor of 48 and q.
12
Let t be 1297/(-7) + (-8)/(-28). Let m = -129 - t. What is the greatest common divisor of m and 8?
8
Let f(t) = -30*t + 4. Suppose 10 = -c - c. Let h be f(c). Suppose -h = -5*x + u, -2*x - 2*u = -57 + 5. What is the greatest common divisor of x and 10?
10
Let c = 3 - 3. Suppose c = 2*i - 12 - 12. Calculate the greatest common factor of 30 and i.
6
Suppose -5*y + 10*y = -p - 6, 2 = -y. Let w be (-3)/12*-22*6. Suppose p*s + 7 - w = -5*f, -2*f + 8 = s. Calculate the greatest common factor of f and 6.
2
Let f be 2*(0 + -10 - 2). Let j be (-9)/f*6*4. Suppose 0 = -o + 3*z - 2*z + j, -5*o + 4*z + 40 = 0. Calculate the highest common factor of 2 and o.
2
Let k be 1/((5/2)/(-5)). Let c be 6*k/9*-3. Suppose -c*p + 7 = -5*x, -2*p + 0*p + 21 = x. What is the highest common factor of p and 32?
8
Suppose -2 = -i - i. Let b be i + 1 + 7 + -2. Calculate the highest common divisor of b and 7.
7
Suppose -2*v - 5*w - 19 = 0, 15*w = 4*v + 10*w - 37. Let t = 56 - 32. Calculate the greatest common divisor of v and t.
3
Let r be (12/5 + -3)*-15. What is the greatest common factor of r and 18?
9
Let u be 237/12 + 2/8. Let i be u/(-6)*(-12)/10. What is the highest common divisor of 1 and i?
1
Let j(r) = r**3 - 3*r**2 + 4*r - 7. Let a be j(5). Calculate the highest common factor of 9 and a.
9
Suppose i = -i, 2*i - 12 = -2*j. What is the greatest common divisor of 102 and j?
6
Let l be 10/(-3)*414/12. Let i = 11 - l. Suppose 3*z + u - 47 = 0, 2*u + 20 = 3*z - 12. What is the greatest common factor of z and i?
14
Let z be ((-5)/3)/(18/(-216)). Calculate the highest common factor of 8 and z.
4
Let o be -3 + -2 + 4 - -1 - -11. What is the greatest common factor of 88 and o?
11
Let n(o) = o**2 + o + 12. Let l be n(0). Calculate the highest common factor of 132 and l.
12
Let i = 14 - 10. Suppose -2*y - m + 64 = 0, y - 3*m - 2 - 30 = 0. What is the greatest common factor of y and i?
4
Let b = -8 - -11. What is the highest common factor of b and 24?
3
Let v = 71 + 270. Suppose -4*r + 135 - 27 = 4*t, -r + t = -35. What is the greatest common divisor of r and v?
31
Let z be 8*((-21)/12 - -3). Suppose -5*m - n = -z, 2*n + 3 = 2*m - 13. Let c be -24*(2 + m/(-1)). What is the greatest common divisor of c and 60?
12
Let q(y) = y**2 + 7*y - 8. Let d be q(-9). Let g = 37 - d. Suppose -47 = -4*l + 5*r, 4*l + 3*r + 4 = g. What is the greatest common divisor of l and 8?
8
Suppose 0 = 2*r + 3*y - 17, y + 30 = 4*r + 3*y. Calculate the highest common divisor of r and 21.
7
Let t(z) = -z**3 - 4*z**2 + 10*z + 8. Let f be t(-6). Suppose -u - f = -3*u. Calculate the highest common factor of 10 and u.
10
Suppose 0 = -5*v + 11 - 1. Let x be v*(2 + -3) - -22. What is the highest common divisor of 140 and x?
20
Suppose 5*g + 11 = 3*u, u + 3*g - 1 = -u. Suppose -u*p = -4*p. Suppose -3*s = -p*s - 9. Calculate the highest common factor of s and 33.
3
Let u(f) = -f + 2. Let i be u(-2). Suppose i*x - 42 = -2. Calculate the greatest common factor of 15 and x.
5
Let x = -4 - -6. Let v be (x/6)/((-1)/(-3)). What is the highest common factor of v and 2?
1
Let l be (0 + -1)*-19 + 1. Let c(b) = -b**2 - b - 1. Let z be c(-1). Let s = 4 - z. Calculate the greatest common factor of l and s.
5
Let t = 3 - 1. Calculate the highest common divisor of t and 18.
2
Suppose 160 - 184 = -4*g. Calculate the greatest common factor of 42 and g.
6
Suppose z = 5*i - 131, 7*z = 3*z - 4. Let h = 195 + -130. Calculate the highest common factor of i and h.
13
Suppose 5*h = 5*o + 165, 2*o + 3*h + 66 = -h. Let l = -19 - o. What is the greatest common factor of 7 and l?
7
Let v(g) = g**3 + g + 25. Let b be v(0). Calculate the highest common divisor of 10 and b.
5
Suppose 5*d = 4 - 19. Let f be (-2)/d + (-68)/(-6). What is the greatest common divisor of 24 and f?
12
Let u = 131 + -117. What is the greatest common divisor of u and 7?
7
Let z be 4/(-3)*(-3)/2. Let j be (z/6)/(1/27). Suppose 0 = -2*h - l + 21, 0 = -0*h - h - l + j. What is the highest common factor of h and 3?
3
Let v(h) = 2*h**2 + 2*h - 2. Let s be v(2). What is the highest common factor of 110 and s?
10
Let k = 16 - 5. What is the highest common factor of k and 99?
11
Let m(x) be the second derivative of x**4/6 - x**3 - 3*x. Let z be m(5). Suppose 4*j = -0*j + z. What is the highest common factor of j and 5?
5
Let l = 93 - 3. What is the greatest common factor of l and 18?
18
Let l be ((-12)/10)/(3 + 119/(-35)). Calculate the greatest common factor of l and 1.
1
Suppose 2*w - 4*w = -16. Let d be 256/((-2)/(-2 + 0)). Suppose 0 = -m, -2*m = -4*z + m + d. What is the greatest common divisor of w and z?
8
Let t be (-1)/(-2)*(29 + -1). Suppose -p = 1 - 0. Let m be 2/p + (t - 2). What is the greatest common factor of 20 and m?
10
Let d(k) = -4*k**3 - k**2 - 2*k - 1. Let q be d(-1). Let h be -6 + 2 + 3 - -17. What is the greatest common divisor of h and q?
4
Suppose 0 = 4*t + 2*r - 486, -126 = -t - r - r. What is the highest common divisor of t and 24?
24
Let d be (-2)/5 + (-4)/(-10). Suppose 4*z - 5*g + 14 = -d, -g + 2 = 0. Let i be 2/(-4)*(z + -1). What is the greatest common divisor of 8 and i?
1
Suppose -y - 100 = -4*h + 3*y, y - 44 = -2*h. Calculate the greatest common divisor of h and 23.
23
Suppos